f?
0
Let h be (2/(-5))/((-2)/(-10)). What is the tens digit of (1449/(-42))/(1/h)?
6
Suppose -3 = 2*g - 17. Let f be 2 - g/((-35)/10). Suppose 0 = 2*n - f*n - 4*o + 68, -o = -2*n + 88. What is the tens digit of n?
4
Let d(x) = 8*x**2 + 9*x - 2. Let q be d(6). Let u = q - 228. Suppose 4*s + o + 1 - u = 0, 2*s = o + 57. What is the tens digit of s?
2
Let h(v) = v + 3. Let u be h(11). Suppose -u = 2*g - 224. What is the tens digit of g?
0
Let a = -3387 + 5081. What is the tens digit of a?
9
Let t(z) = -7 + 29*z + 11 + 5. What is the units digit of t(4)?
5
Let b(f) = -1 + 8*f**2 + 4*f + f**3 - 2*f - f**2. Suppose 17*v + 45 = 2*v. What is the units digit of b(v)?
9
Let g = -9 - -13. Suppose -4*n + y = -g*y - 168, 123 = 3*n - 3*y. What is the units digit of n?
7
Let v(z) = z**2 + 6*z - 1. Let b be v(-6). Let h be (2/4)/(b/74). Let y = h - -68. What is the units digit of y?
1
Let g(a) = -a**3 + 27*a**2 + 3*a - 59. What is the tens digit of g(26)?
9
Let d be (4/6)/((-5)/(-60)). Let t(w) = -d + 1 + 3 - 3*w - 8. What is the units digit of t(-9)?
5
Let g(j) = -j**2 - 5*j + 8. Let b be g(-6). Suppose -5*o = -2*s - 3*s + 50, -2*s = b*o - 4. Let t = s + -5. What is the units digit of t?
1
Suppose 15 = 6*l - l + 3*j, -5*l + 3*j - 15 = 0. Suppose -3*g + 151 - 19 = l. What is the units digit of g?
4
Let p(c) = -2*c**2 - 10*c - 6. Let o be p(-4). What is the tens digit of 128/(-1)*(2 - (o - -1))?
2
Let b be (-6 + 7)*(3 - -1). Suppose -z = -c + b, 2*c - 13 = z - 4*z. Suppose 0 = c*s, -f - s - 4*s + 43 = 0. What is the tens digit of f?
4
Let v(p) = -4*p - 11. Let b be v(-4). Suppose -138 = -2*f + 5*q, -4*f = -b*f + q + 66. What is the tens digit of f?
6
Suppose 4*p - 4 = 4. Suppose 9 = -p*d - 3. What is the tens digit of 13 + 0 + 3 + d?
1
Let i(o) = 4*o - 19. Let z be i(6). Suppose -3*n + 2*r + 75 = -r, z*r + 20 = 0. What is the tens digit of n?
2
Let k = -32 - -124. Let t = 47 + k. What is the hundreds digit of t?
1
Let i = -455 - -931. Suppose -5*n + 4*j = -0*j - 472, 5*n - i = 2*j. What is the units digit of n?
6
Let j(p) = p**3 - 5*p - 2. Let x be (18/(-8))/((-18)/24). Let b be j(x). Let t = -9 + b. What is the units digit of t?
1
Suppose 2*t - 290 = 562. What is the hundreds digit of t?
4
Let i = 767 + -679. What is the units digit of i?
8
Let t = -587 + 974. What is the units digit of t?
7
Let m(w) = -w**3 + 13*w**2 - 7*w - 20. What is the hundreds digit of m(9)?
2
Suppose -27*p + 6 = -28*p. What is the hundreds digit of 207*(-3)/p + 2/4?
1
Let a = 1354 - 803. What is the hundreds digit of a?
5
Suppose 2*d - 5 = d. Let y be d/(5/(-2)) - -4. Suppose 5*n + 2*l - 193 = 0, 3 = -l + y. What is the tens digit of n?
3
What is the units digit of 16/(-2)*85/(-10)?
8
Let l(r) = 13*r**2 - 7*r - 10. Let x(c) = 7*c**2 - 3*c - 5. Let s(b) = -2*l(b) + 5*x(b). What is the tens digit of s(-3)?
7
Let c(s) = -5*s + 3. Let b(j) = j**2 + 7*j + 4. Let a be b(-4). What is the tens digit of c(a)?
4
Let v(p) = -4*p**2 + 2*p. Let a be v(2). Let m be (-28)/(-6) + 8/a. What is the tens digit of 6*(m + -2 + 0)?
1
Let w(c) = -c**2 - 7*c + 10. Let g be w(-8). Suppose -2*t = g*t - 12. Suppose -6*o + i + 113 = -o, t*i - 75 = -3*o. What is the tens digit of o?
2
Let m = -30 - -33. Suppose 4 + 36 = v + 2*q, m*v - 70 = 4*q. What is the units digit of v?
0
Let o = -74 - -74. Suppose -568 = -4*h - o*h + 4*y, -3*y + 304 = 2*h. What is the hundreds digit of h?
1
Let j be 149*-3*(-4)/12. Let d = -49 + j. What is the hundreds digit of d?
1
Let k be (3 + -6)/(3 - 4). Suppose -36 = k*f - 5*f. What is the tens digit of (0/(-1))/(-4) + f?
1
Suppose 168 = -3*i + 3*q, 33 = -5*i - 5*q - 257. What is the hundreds digit of (i/(-2))/((-1)/(-4))?
1
Let z = 13 + -31. Let m be z/(-45) + (-4)/10. Suppose m = -6*c - c + 210. What is the tens digit of c?
3
Let v be (12/9)/((-2)/(-165)). Suppose v - 37 = p - 5*h, -4*p - h = -187. Suppose 4*t + p = z - 0, -3*z = -2*t - 114. What is the units digit of z?
6
Suppose 2*z - z = 20. Suppose 5*i + 24 = -m, -2*i - 3*m - z = -0*i. What is the units digit of (i/(-6))/((-5)/(-105))?
4
Suppose -4*q - 3*u = -1815, 0 = -q + 3*q - u - 915. What is the hundreds digit of q?
4
Let v be (-8)/(-3 - -5) - -28. Let k = v - -123. What is the hundreds digit of k?
1
What is the tens digit of ((-2422)/21)/(6/(-27))?
1
Let u = 3700 + -1654. What is the hundreds digit of u?
0
Let s = -41 + 45. What is the units digit of s/(-5) - (-88)/10?
8
What is the thousands digit of ((-26124)/(-27))/(10/45)?
4
Let j = -3865 + 5858. What is the units digit of j?
3
Let f(t) = t**3 + 14*t**2 + 10*t + 10. Let j be f(-13). Let z = -7 + j. Suppose -y + 0*o + 12 = -2*o, z = 2*y + 5*o. What is the units digit of y?
6
Suppose -5*s = -25 - 5. Let o be -2 + s - 8/4. What is the units digit of 7/(-7) - (-2 - o)?
3
Let a be (1/(6/(-12)))/((-2)/(-59)). Let j = 135 + a. What is the units digit of j?
6
Suppose 0 = 2*s + 3*v - 2, -3*s = 4*v - 0*v - 5. Suppose 3*c = 4*c - s. What is the tens digit of (77/1)/(c/7)?
7
Let f = 4 + -1. Suppose f*c - 8*c + 4*l + 45 = 0, 0 = -4*c - 4*l + 36. What is the units digit of (-10)/(-8)*(17 - c)?
0
Let t = 1387 - 883. What is the units digit of 20/6*t/35?
8
Let q = 421 + -221. What is the hundreds digit of q?
2
Suppose -3050 = 7*d - 14194. What is the tens digit of d?
9
Let i be 12/(-2)*(-3)/2. Let l = 119 + i. What is the hundreds digit of l?
1
Let y(d) = 26*d**2 - 17*d + 31. What is the tens digit of y(3)?
1
Suppose 4*i - 5*m - 18 = 0, -i + 0*m + 2*m + 6 = 0. Suppose 0 = -i*x + x + 40. What is the tens digit of x?
4
Let p(o) = o**3 + 11*o**2 - 11*o + 17. Let g be p(-12). Suppose -g*v - 75 = -10*v. Suppose -y + v = -10. What is the tens digit of y?
2
Let r be (2 - (-3)/(-2))*6. Suppose s - r*s = -8. What is the units digit of 26 + 6/(s - 2)?
9
Suppose 3*j - 6 = -81. Let h = j + 32. What is the units digit of h?
7
What is the units digit of 853 + 6 + (4 - 3)?
0
Let r(f) = 29*f**3 - 5*f**2 + 13*f - 10. What is the hundreds digit of r(3)?
7
Suppose -5*h + r = -0*h - 3268, -2*h = -3*r - 1302. What is the tens digit of h?
5
Suppose 15*y - 12*y = -168. What is the hundreds digit of 20/(-2 - y/26)?
1
Let f = -8992 - -13067. What is the tens digit of f?
7
Suppose -51*y - 29462 = -166856. What is the hundreds digit of y?
6
Let c be (3 + -2)/(-4) - (-27)/(-36). What is the units digit of ((-27)/(-36))/(c/(-8) - 0)?
6
Suppose -1019*h = -1013*h - 2892. What is the tens digit of h?
8
Suppose -544 = -8*w + 256. Let z(t) = -t**3 - 4*t**2 + 2*t - 4. Let l be z(-5). Suppose -w = -l*d + 6*d. What is the tens digit of d?
2
Let i = -79 - -122. What is the tens digit of i?
4
Suppose 22 = 4*m + 5*k, -3*m = -5*m - k + 8. Suppose o = -m*o + 320. What is the tens digit of o?
8
Let q(s) = -1. Let g(w) = 14*w + 14. Let n(k) = g(k) - 4*q(k). What is the units digit of n(6)?
2
Suppose 4*y = -5*j + 10*j - 856, 5*j - y - 859 = 0. What is the tens digit of j?
7
Let l be (2/(-5))/(1/10). Let b = l - -21. What is the units digit of b?
7
Suppose -4*v - 35 = a, 26 = -4*v - 3*a + 5*a. Let s(p) = -p - 4. Let h be s(v). Suppose -b - 2*b - 5*m = -98, h*m = -5*b + 172. What is the tens digit of b?
3
Suppose 5*w + 5*i = -115, -w + 2*i = -2*w - 22. What is the tens digit of (40 - -2)*-6*4/w?
4
Let w(f) = 6*f**2 - 4*f + 25. What is the tens digit of w(-9)?
4
Suppose 0 = -9*l + 14*l - 2*k - 4490, -3*k = 3*l - 2673. What is the hundreds digit of l?
8
Let g(j) = j**3 + 12*j**2 + 5. Let y be g(-12). Suppose -y*k + f = -2*f - 95, 3*k = 2*f + 57. What is the units digit of k?
9
Let k = 8310 - 5491. What is the units digit of k?
9
Let y = -147 + 440. Suppose -4*n + b = -0*b - y, 5*n - 5*b = 355. What is the tens digit of n?
7
Let q(m) = 156*m + 151. What is the tens digit of q(11)?
6
Let h(g) be the third derivative of g**4/24 + 2*g**3 + g**2. Let n be h(-12). Suppose n = t - 1, -5*t - 17 = -p - 0*p. What is the units digit of p?
2
Suppose -3 = l, 4*l = -2*a - 8 + 64. What is the units digit of a?
4
Let w(m) = -m**2 + 1. Let h(c) = -c**2 - c - 9. Let k(z) = h(z) + 4*w(z). Let x be k(-4). Let b = -46 - x. What is the tens digit of b?
3
Let r(d) be the first derivative of -d**4 - d**3/3 - d**2/2 + 2*d + 34. Let g(f) = f. Let m be g(-2). What is the tens digit of r(m)?
3
Let j be 6/(-9)*(-60)/8. Let n be (j/(-4))/(5/(-280)). Suppose 